 -p*j = -3*j. Determine k(j).
-8
Suppose -41*w = 1494 - 1453. Let y(x) = x**2 - 2*x - 1. Give y(w).
2
Let u(q) = -3*q + 12. Let z be u(10). Let h = z + 34. Let j(l) = -h - l**2 - 14 + 22. What is j(0)?
-8
Let u(z) = -5*z - 20. Let t(l) = -13*l - 71. Let f(x) = t(x) - 2*u(x). Determine f(-20).
29
Let g(z) be the second derivative of -7/2*z**2 - 1/6*z**3 - 2/3*z**4 - 5*z + 5 - 1/20*z**5. Let d be (0 - -1) + -10 + 1. Determine g(d).
1
Let w(k) be the second derivative of -1/12*k**4 + 1 + 0*k**3 - 3/2*k**2 - 20*k. Let m be (-3 - 0)*1*1. What is w(m)?
-12
Let f(u) = u**2 + 9*u + 2. Suppose -4*d + 27 = -q - 61, 4*d + q - 96 = 0. Suppose -4*m + j = 7 + 28, 0 = -2*m - 5*j - d. Determine f(m).
2
Let h(w) = -w - 1. Suppose -27*o + 186 + 74 + 64 = 0. Calculate h(o).
-13
Let p(w) = -2555 - 2*w**2 - w - 2628 + 24*w**3 + 5184. Calculate p(1).
22
Let d(s) = -26*s + 36. Let p be d(-6). Let o(a) = 0*a**2 - 197 - 4*a + a**2 + p. What is o(5)?
0
Suppose -5*q = -4*x - 19, 0 = 5*x - 5*q + q + 26. Let d(s) = -3*s**2 + 9*s + 3. Let g(b) = 2*b + 1. Let r(j) = x*g(j) + d(j). What is r(-3)?
-21
Suppose -21*g + 60 = -15*g. Suppose -g*n + 9 = -n. Let p(x) be the first derivative of -3*x**4/4 + x**2/2 + 28. Determine p(n).
-2
Let k(j) = -j**3 + 2*j**2 + 4*j - 4. Let s be (4/6*10/20)/(3/36). Determine k(s).
-20
Let w(f) be the second derivative of -2/3*f**3 + f + 3/2*f**2 + 1/12*f**4 + 0. Let d be (-320)/60*6/(-16). Calculate w(d).
-1
Suppose -3*c = 5*r - 34, -2*c + 22 = r + 11. Let d(f) = -5*f**2 + 2*f**2 - c*f**2 - 1 + f**2 - f**3 + 8. Give d(-5).
7
Let v(w) = w**2 + 6*w + 1. Let f = 81 + -79. Let a be 4/(1/(-2*f/4)). Let o be 4/(-4) + a*1. What is v(o)?
-4
Let o(c) = 38*c. Let k be (-4)/(-22)*45/(-10) - 2/11. Determine o(k).
-38
Let w(y) = 8*y + 0*y + 1 + 9*y**2 - 8*y. Let g be 11/(-5) + (-1)/(-5). Let x be (3 - 5) + (-1 - g). Calculate w(x).
10
Let m(a) = 8*a**2 + 3. Let o(p) = -32*p**2 - 15. Let i(d) = -9*m(d) - 2*o(d). Let c(j) = j**2 - 2. Let v(f) = -c(f) - i(f). Give v(-1).
6
Let g = 51 - 47. Let i(r) = 6*r - 21. Let l be i(g). Suppose 12*n = l*n + 27. Let k(x) = 6*x - 4. Calculate k(n).
14
Suppose 3094*h - 3085*h + 4 - 31 = 0. Let b(a) be the third derivative of 0*a + 0 - 3/2*a**h - 1/24*a**4 - 29*a**2. Calculate b(-6).
-3
Let j(k) = -6*k**2 + 10*k + 35. Let g(d) = -2*d**2 + 5*d + 14. Let u(y) = 5*g(y) - 2*j(y). Calculate u(-9).
117
Let b(p) = p**2 + p + 2. Let u(s) = -8*s - 58. Let t be u(-7). What is b(t)?
4
Let s(a) = 2*a**3 - 17*a**2 + 28*a + 5. Suppose 294 = 587*t - 538*t. Calculate s(t).
-7
Let d(c) = 59*c. Let o be d(-2). Let p = -112 - o. Let z(n) = 4 - n**2 - 3 + p*n - n. Give z(4).
5
Let h(a) = 3*a**2 - 3705 + 3695 - 50*a**3 + 52*a**3 + a. What is h(0)?
-10
Suppose 0 = 9*v - 4*v + 2*w + 65, 20 = -4*w. Let a(x) = -57*x + 42. Let z(i) = 11*i - 8. Let h(g) = v*z(g) - 2*a(g). Determine h(6).
-38
Let l(u) = -17 + 19 - u**3 + 9 - 6 - 3*u**2 - 30*u - 10*u**2. Calculate l(-10).
5
Let r(s) = -6*s**2 + 7*s - 5. Let m = 245 + -244. Let o(h) = h**2 - h + 2. Let z(g) = m*r(g) + 5*o(g). Determine z(3).
2
Let m(y) = 2*y**3 + 18*y**2 - 55*y - 483. Let u be m(-9). Let p(k) = k**2 - 20*k + 35. Determine p(u).
-61
Let g(y) = -26*y - 13. Suppose -6*j = -11*j - 30. Let l(h) = 9*h + 5. Let i(w) = j*g(w) - 17*l(w). What is i(5)?
8
Suppose 0 = 43*g - 45*g + 60. Suppose 0 = 26*m - 32*m + g. Let u(z) = -z**3 + 5*z**2 - z + 6. What is u(m)?
1
Let n(a) be the second derivative of -a**5/20 - a**4/6 + a**3/2 + a**2 - 2909*a. Give n(-3).
2
Suppose -7*u - 51 = 1314. Let g = u - -207. Let y(r) = r**2 - 14*r + 13. Calculate y(g).
-11
Suppose 9 + 15 = -2*a - 5*l, 2*a + 16 = -3*l. Let f(q) = -5 - 2 - 1024*q - q**3 + 1022*q + 4. Determine f(a).
9
Let f = 381 + 30. Let t = f + -406. Let m(l) = -l**3 + 5*l**2 - 1. Give m(t).
-1
Let b(u) = u**2 + u + 1. Suppose -2*r - 4*j - 22 = 0, r - 3*j - 11 = -2. Let p be 0/(6/r*1). Determine b(p).
1
Let v be ((-52)/8 - -7)*4. Let x(l) = -v - l**2 - 2*l**2 + 2*l**2 + 5*l. What is x(5)?
-2
Let s(g) = g**3 + 5*g**2 - 3*g - 1. Suppose -2 = -t + 8. Suppose -2*y = -2*c - 16, c - 5*y = -t*y + 10. Determine s(c).
14
Let x(z) = 4*z - 17*z**2 + 1 - 3 - 2*z. Suppose 217 = -3598*b + 3815*b. What is x(b)?
-17
Suppose -7*j - 21 = j - 5. Let z(l) = 26*l. Determine z(j).
-52
Let g(f) = -f**2 + 48 + 28*f + 6 - 39*f - 86. What is g(-8)?
-8
Suppose -20*l + 24*l = -37*l + 328. Let i(c) = -3*c - 21. Give i(l).
-45
Suppose -38*u + 48*u - 280 = 0. Let s be 200/(-140)*u/(-10). Let k(r) = r**2 - 4*r - 4. Calculate k(s).
-4
Suppose -2*h - 230 + 838 = 36*h. Let y(r) = r**3 - 15*r**2 - 19*r + 43. What is y(h)?
-5
Let b(d) = 4*d**2 + 2*d + 129. Let w(o) = 2*o**2 + 2*o + 129. Let u(q) = -3*b(q) + 4*w(q). Let m(y) be the first derivative of u(y). Determine m(2).
-14
Let v(a) = -9 + 64 + 26*a + 7*a + 62 - 5*a. Give v(-4).
5
Suppose 10*q - 193 - 7 = 0. Suppose 0 = -i - q + 18. Let u be (3 - 1)/(i/(1*-2)). Let l(m) = -2*m**3 + 2*m**2 + m + 2. Give l(u).
-4
Let m(n) = 3*n**3 + 6*n + 9. Let l(d) = 2*d**3 + d**2 - d - 1. Let o(r) = 2*l(r) - m(r). Determine o(-3).
4
Let m(p) = -p**2 - 4*p - 1. Suppose 0 = k - 12 + 3. Suppose k*c - 20 = -c. Suppose 3 = -q + t, c*q - 6*q + t = 12. Give m(q).
2
Let u(o) be the third derivative of -o**6/120 - o**5/10 + 17*o**4/24 + 11*o**3/6 + 34*o**2 + 9*o. Give u(-8).
3
Let c be ((-6)/5)/(2/(-15)). Suppose -2 + 9 = 3*q - 5*d, 3*d = 3*q - c. Suppose 3*o + 0*w - q*w = -21, -w = -3. Let x(y) = 2*y**2 + 3*y + 1. What is x(o)?
10
Suppose -r + 0*o = -5*o - 10, 4*r - 2*o = 22. Suppose -3*m + 1 = -b, 0*b + r = -5*m - 5*b. Let x(g) = 4*g**3 + 34*g - 5*g**3 - 34*g. Determine x(m).
0
Let u(g) = -g**2 + 6*g. Suppose 5*n + 4*d + 328 = 7*n, 3*n - 478 = -d. Suppose -f + n = 7*f. Suppose 14*h + f = 18*h. Determine u(h).
5
Let h(c) = 77*c - 2. Suppose l + t = 5*l - 4, 5*t = -l + 1. Calculate h(l).
75
Let w(n) = -n**2 + 2*n - 2. Let r(t) be the first derivative of 2*t**3/3 - 3*t**2/2 + 4*t - 24. Let f(x) = -2*r(x) - 3*w(x). What is f(-2)?
-6
Let r(y) = y**3 + 27*y**2 + 151*y - 15. Let h = -5692 + 5673. Calculate r(h).
4
Let w(u) be the second derivative of -4/3*u**3 + 167*u + 0 + 5/6*u**4 - 1/20*u**5 + 0*u**2. Determine w(9).
9
Suppose 2*h + 37 = -2*u + 23, 0 = 3*h + 15. Let d(c) = -3*c**2 + 2 + 2 + 3*c - 1. Determine d(u).
-15
Let f(g) be the second derivative of g**8/6720 - 7*g**5/120 + g**4/12 - g**3/2 - 17*g - 2. Let t(q) be the third derivative of f(q). What is t(0)?
-7
Let d(i) be the first derivative of -i**3/3 + i**2 - 7*i - 1040. Determine d(0).
-7
Let a(p) = -2*p + 7. Let h be a(4). Let q(b) = -18691514 + 5*b + 18691514. Give q(h).
-5
Let q = 83 + -81. Let r(s) = -7*s**q + 1807 - 902 - 9*s - 903 + s**3. Determine r(8).
-6
Let f be ((-8)/10)/(4/(-210)). Let k = 45 - f. Let x(h) = 0 + 2 + 0 - h**2 + 3*h. What is x(k)?
2
Let a be ((-18)/(-45))/((-2)/(-10)). Let g(k) = -1602 + 1606 - k + 0*k - 3*k**a. What is g(-2)?
-6
Let q(b) = -321*b - 360*b + 959*b - 76 - 318*b. Determine q(-2).
4
Let i(j) = j**3 + 2*j**2 + 3*j + 2. Let y be i(-1). Let r be (y + 2)*(-12)/24. Let d(k) = -2*k**2 - k. Give d(r).
-1
Let a = 8579/5 - 25732/15. Let w(l) be the first derivative of 9 + 0*l - a*l**3 - 1/2*l**2. Give w(2).
-6
Suppose 2*k = -5*l - 6, -6*k + 5*k - l - 3 = 0. Let x(p) = 4*p**2 + 5*p + 8. Let a(h) = -11*h**2 - 14*h - 21. Let m(s) = k*a(s) - 8*x(s). Calculate m(2).
7
Let t(u) = -u**2 + 5*u + 14. Suppose -13*r = -401 + 323. What is t(r)?
8
Let o(i) = -2*i - 22. Let y(d) = -20*d - 200. Let k(u) = 55*o(u) - 6*y(u). Let n(h) = 17*h - 20. Let j(a) = -5*k(a) + 3*n(a). Determine j(-10).
-20
Let t be 25/(-3) + (-1)/(-3). Let s(q) be the first derivative of 1/3*q**3 + 166 + 7/2*q**2 - 4*q. Calculate s(t).
4
Let b be (0 - 0) + (-1 - 5/(-1)). Let k(j) = -8*j**2 - j + 2*j - 9 + 6 + b. Calculate k(-1).
-8
Let p(u) = 5*u + 2. Let r be 0 + (-1)/(-4) - 837/(-124). Suppose -r*k - 5 = -8*k. What is p(k)?
27
Let c(r) be the first derivative of 4*r**3 - 62 - 1/2*r**2 + 0*r. Calculate c(1).
11
Let o be ((-2)/(-5))/(1/(-15)). Let p(i) = -130*i**2 - 12*i - 13. Let s(m) = -87*m**2 - 11*m - 13. Let u(c) = 2*p(c) - 3*s(c). What is u(o)?
-5
Suppose 5*m - 248 = 4*j + 31, 4*m + 3*j - 217 = 0. Let y(d) = -m + d**2 - 21 + 72. Let w(s) = -s**3 - 2*s**2 + 5*s + 2. Let g be w(-3). Determine y(g).
12
Let z(f) = f